-3)/((-36)/(-21))*-40?
67
Suppose 7*z = 441 - 329. What is the remainder when 60 is divided by z?
12
Suppose -4*o + 79 = i, 3*o - 228 = 12*i - 15*i. Calculate the remainder when 138 is divided by i.
63
Let q be -3*(-2 - 8/(-6)). Let h(l) = 3*l + 0*l - 7 - q*l. What is the remainder when 69 is divided by h(16)?
6
Suppose -6*y - 14*y = -5360. What is the remainder when y is divided by 30?
28
Suppose 0 = 4*a - 17 - 7. Suppose -74*u + 73*u = -13. Calculate the remainder when ((-37)/(-3))/(2/a) is divided by u.
11
Suppose -5*f - 1190 = -5*s - 0*f, 485 = 2*s + f. Calculate the remainder when s is divided by 49.
45
Let j(c) = -c**2 - 2*c + 4. Let q be j(-3). Suppose -u = -3*x + 3, 0*x - x + q = 2*u. Suppose -5*b - x + 46 = 0. Calculate the remainder when b is divided by 6.
3
Suppose -z + 3*z - 28 = 0. Calculate the remainder when z is divided by (24/(-4))/(2 + 21/(-6)).
2
Let d(t) = -t**3 - 10*t**2 - 23*t - 12. What is the remainder when d(-11) is divided by 52?
50
Let u = 12 + -8. Let s = 0 - u. What is the remainder when 2/8*(-32)/s is divided by 2?
0
Let c(a) = -a**2 + 3*a + 2. Suppose 0 = 5*f - 5*b - 50, -3*f + 3*b = -f - 24. Let d be c(f). What is the remainder when 6 is divided by (-4)/d + (-30)/(-8)?
2
What is the remainder when 5*-6*642/(-90) - -1 is divided by 27?
26
Let r = 40 - 31. Let l(s) = -s + 6 - 5 - r. What is the remainder when 34 is divided by l(-15)?
6
Suppose 0 = -2*k - 8, -2*a + 5*k - 18 = -96. Calculate the remainder when 5/(-3) + (-1)/3 + a is divided by 6.
3
Calculate the remainder when (-9)/((-63)/(-56)) - -48 is divided by 14.
12
Let p(g) = -2*g + 11. Let h be p(8). Let o be (-2 + -1)*h/5. Calculate the remainder when 40 is divided by 3/(0 - o) - -15.
12
Let i be 11/4 - (-1)/4. Suppose 3*u - 2*u = -5*y + 7, -y = i*u - 7. Suppose -3*j = 3*m, m = u*j - 5 - 4. What is the remainder when 9 is divided by j?
0
Let y = -129 + 203. Calculate the remainder when 203 is divided by y.
55
Let a(u) = u**2 + 2*u - 7. Suppose 0 = 2*c + 74 - 186. Suppose -4*z = -6*r + r + c, 3*z = 4*r - 43. Calculate the remainder when a(z) is divided by 19.
18
Suppose -62*l - 30 = -68*l. What is the remainder when l is divided by 2?
1
Let r(z) = 17*z + 97. What is the remainder when r(6) is divided by 8?
7
Suppose 2*n = 3*n - 12. Let t = 1 - n. Let u = -6 - t. Calculate the remainder when u is divided by 4.
1
Let w = -11 - -38. Let k(x) = -262*x - 2045. Calculate the remainder when k(-8) is divided by w.
24
Let q(l) = l + 36. Suppose 0 = 2*a + 3*a. Suppose -2*d + w + 2 + 19 = 0, 3*d - 4*w - 44 = a. What is the remainder when q(-13) is divided by d?
7
Let h(g) = 3*g**2 + 3*g - 4. Let b be h(3). Suppose 3*c - 1 - b = 0. Calculate the remainder when 43 is divided by c.
10
Let k(t) = -8*t**2 + 29*t. Calculate the remainder when 193 is divided by k(3).
13
Let x be 6/(-10) - 184/(-40). Suppose b + 338 - 16 = 3*v, 0 = -b - x. Suppose q - 5*a = 12, -3*q + 4*a + v = 3*a. What is the remainder when q is divided by 13?
11
Let g = -353 - -429. Calculate the remainder when 217 is divided by g.
65
Suppose -10*a + 128 + 62 = 0. Calculate the remainder when 415 is divided by a.
16
What is the remainder when 252 is divided by ((-2)/6)/((260/(-1632))/65)?
116
Suppose -3*m + 3 + 9 = 0. Let z be 2 - m - (0 + 21). Let x = z - -35. Calculate the remainder when 21 is divided by x.
9
Let p(b) = 0*b - b - b + 2 + b. Let t be p(6). What is the remainder when 11 is divided by 1 + t - (-7 - -1)?
2
Let c(d) = d + 3. Let w(f) = 2*f**2 - 25*f - 10. Let z be w(13). Suppose -m + z*l = 16 - 83, -127 = -2*m - l. What is the remainder when m is divided by c(10)?
12
Let o(s) = 17*s**2 - 2*s. What is the remainder when 282 is divided by o(1)?
12
Let t = -32 + 33. Calculate the remainder when 16 is divided by (t - -2 - 23)/((-4)/2).
6
Suppose 20 = 4*b - 0*b. Let z(v) = 2*v**2 + 5*v + 3. Let h be z(-5). Suppose 0*x = -5*o + x + 43, h = 4*o - 4*x. What is the remainder when o is divided by b?
4
Suppose 2*h - 691 = -7*t + 6*t, 0 = -t - 5. Calculate the remainder when h is divided by 10.
8
Let q be 108 + -7 - 15/3. Suppose q = -p + 100. What is the remainder when p is divided by 1?
0
Suppose 0 = -2*a + 18*a - 3024. What is the remainder when a is divided by 54?
27
Let o(h) = 10*h - 20*h + 2*h - 3 + 7*h. Calculate the remainder when 15 is divided by o(-13).
5
Let w = -1567 + 1606. Let v = 7 - 2. Suppose -4*h + 4*z - 3*z = -80, -100 = -v*h - 3*z. Calculate the remainder when w is divided by h.
19
Suppose 0 = -3*y + 12 + 135. What is the remainder when 94 is divided by y?
45
Suppose 2*g = -3*g + 3*z + 10, -4*g + 8 = -z. Let k = g - -3. What is the remainder when 23 is divided by k?
3
Suppose 3*s + 6 = -3. Let t = 7 + s. Suppose -t*a + 27 = -q + 6*q, 4*a = -3*q + 13. What is the remainder when 20 is divided by q?
6
Suppose -z + 2 = -2, -5*t + 62 = -2*z. Suppose 2*u - 30 = 3*b, -12 = 3*b + 2*u + 6. Calculate the remainder when t is divided by (-172)/(-36) - b/36.
4
Suppose 44*o - 2870 = 9*o. What is the remainder when o is divided by 18?
10
Suppose d + 43 = 3*j, 0 = 4*j - 2*d - d - 54. Let q(i) = 2*i - 5. What is the remainder when j is divided by q(5)?
0
Suppose -k - k = -44. Suppose 2*w = 3*p, w - k = -2*p - 2*p. Let g(i) = 8*i**2 + 5*i + 1. Calculate the remainder when g(-2) is divided by w.
5
Let s(p) = p**3 + 10*p**2 - 5*p - 3. Let m be s(-9). Suppose -5*d + 4*r = -m - 7, -d - 2*r = -12. What is the remainder when 43 is divided by d?
21
Let a(g) = g**2 + 8*g. Let z be a(-9). Let w = -78 + 97. Calculate the remainder when w is divided by (44/(-6))/((-6)/z).
8
Let r be -357 + ((-9)/(-15) - 6/(-15)). Calculate the remainder when r/(-3) - 26/39 is divided by 20.
18
Suppose -42*w = -56*w + 742. Calculate the remainder when 155 is divided by w.
49
Suppose 81 = y - 0*y + 4*p, 0 = 5*y + 4*p - 453. Calculate the remainder when y is divided by 70.
23
Let l = 46 - 50. Let m(s) = s**2 + 4. Calculate the remainder when 39 is divided by m(l).
19
Let z = 917 - 554. Calculate the remainder when z is divided by 16.
11
Suppose -4*p + 26 = 5*f - p, -p = -2*f + 6. Let d = 26 - 17. Suppose c = 24 - d. Calculate the remainder when c is divided by f.
3
Let f(g) = g - 3. Let i(j) = 6*j + 5. Let s be i(1). Let m = -7 - -13. What is the remainder when f(s) is divided by m?
2
Suppose -5*o = 5*d - 15, 2*d + 3*o = 2 + 7. Suppose 5*r + d*r - 270 = 0. Calculate the remainder when r is divided by 275/20 - 2/(-8).
12
Suppose 5*h = -r + 48, -h - 168 = -5*r - 2*h. Let c = -18 + r. What is the remainder when 73 is divided by c?
13
Suppose -z = -6 + 8. Let r be z/7 - 1305/63. Let j = r - -26. What is the remainder when 13 is divided by j?
3
Suppose 0 = 18*s - 16*s - 10. What is the remainder when 87 is divided by s?
2
Suppose -3*k + 16 = 4*c - 11, -5*k = -2*c - 19. Suppose -2*v + 1 = 4*t - 39, 0 = -c*t + 4*v + 41. Calculate the remainder when 20 is divided by t.
9
Let z(f) = -2*f**3 + 5*f**2 - 6*f + 3. Let h be z(4). Let t be ((-9)/(-27))/((-1)/h). Suppose 29 = 4*d - t. Calculate the remainder when d is divided by 8.
5
Let r = -203 + 253. What is the remainder when r is divided by 37?
13
Suppose 5*p = 3*p - 3*b - 66, 3*p = -b - 113. Let h be (-194)/(-3) - 4/6. Let s = p + h. What is the remainder when 49 is divided by s?
24
Let o(t) = 5*t**3 - t**2 - 4*t + 1. Let h be o(3). Suppose -40 = m - h. Calculate the remainder when m is divided by 13.
10
Suppose -3 = -3*g, -4*c + 384 = -12*g + 16*g. Calculate the remainder when c is divided by 34.
27
Suppose -3 = -5*w + 27. Suppose -w*c = -4*c - 24. What is the remainder when 294/15 - (-6)/(-10) is divided by c?
7
Let f = 55 + -27. Let o(j) = -j**3 - 7*j**2 - 11*j - 10. Let v be o(-6). Let k = f - v. Calculate the remainder when 22 is divided by k.
6
Suppose 19*i - 266 - 290 = -119. Suppose -5*h - 94 = -3*m + 50, 3*m - 114 = -5*h. Calculate the remainder when m is divided by i.
20
Suppose 5*y - 2 + 2 = 0. Suppose 15*w - 11*w - 104 = y. Calculate the remainder when 74 is divided by w.
22
Let n(o) = -2*o**3 + 38*o**2 + 20*o + 10. What is the remainder when n(19) is divided by 56?
54
Let y(u) = 3*u**3 + 19*u**2 - 8*u - 10. Let x(j) = -j**2 - 2*j - 2. Let w be x(-6). Let o = w + 45. What is the remainder when y(-6) is divided by o?
17
Let g(u) be the first derivative of u**2/2 + 8*u + 1. Supp